 a factor of 79352?
True
Does 129 divide 290637?
True
Is 8695436 a multiple of 33?
False
Is 97219 a multiple of 255?
False
Is 17 a factor of 274704?
False
Is 165170 a multiple of 14?
False
Is 5900 a multiple of 8?
False
Does 58 divide 818217?
False
Is 196 a factor of 7266230?
False
Is 49 a factor of 488383?
True
Is 1413 a factor of 33681681?
True
Is 7 a factor of 43183?
True
Is 76048 a multiple of 98?
True
Is 1383368 a multiple of 28?
True
Does 75 divide 36934?
False
Does 117 divide 3601026?
True
Does 34 divide 177537?
False
Is 108897 a multiple of 414?
False
Does 563 divide 136246?
True
Is 1218763 a multiple of 59?
True
Is 36 a factor of 92827?
False
Is 601400 a multiple of 775?
True
Is 484650 a multiple of 15?
True
Does 24 divide 189509?
False
Does 159 divide 1974545?
False
Is 9 a factor of 201033?
True
Does 15 divide 3807528?
False
Is 5 a factor of 22040?
True
Is 83595 a multiple of 34?
False
Is 7137630 a multiple of 18?
True
Does 2146 divide 24069536?
True
Does 45 divide 427950?
True
Is 182 a factor of 64358?
False
Is 3191744 a multiple of 34?
False
Is 63 a factor of 61182?
False
Is 102 a factor of 182682?
True
Is 498 a factor of 82668?
True
Is 575 a factor of 536311?
False
Is 234864 a multiple of 14?
True
Is 572 a factor of 367796?
True
Is 404 a factor of 76760?
True
Is 126 a factor of 161524?
False
Is 287401 a multiple of 73?
True
Does 4 divide 640073?
False
Is 385 a factor of 241395?
True
Does 27 divide 291457?
False
Does 222 divide 615296?
False
Is 147 a factor of 530376?
True
Is 91 a factor of 388129?
False
Is 11982908 a multiple of 644?
True
Does 32 divide 64379?
False
Is 301408 a multiple of 8?
True
Is 20031 a multiple of 27?
False
Is 3 a factor of 20082?
True
Does 162 divide 896994?
True
Is 66 a factor of 597960?
True
Is 15 a factor of 12240?
True
Is 13356064 a multiple of 7?
False
Does 131 divide 735639?
False
Is 299186 a multiple of 7?
False
Is 34545 a multiple of 15?
True
Is 62480 a multiple of 5?
True
Is 354893 a multiple of 419?
True
Is 9661811 a multiple of 28?
False
Is 325 a factor of 24454?
False
Is 16 a factor of 1519216?
True
Is 863893 a multiple of 20?
False
Does 227 divide 14647856?
True
Does 5 divide 50425?
True
Does 13 divide 20969?
True
Is 144614 a multiple of 6?
False
Does 26 divide 116485?
False
Is 454 a factor of 12258?
True
Is 49 a factor of 57722?
True
Is 161 a factor of 105294?
True
Is 41580 a multiple of 60?
True
Is 22 a factor of 633209?
False
Does 30 divide 1314810?
True
Is 10 a factor of 61560?
True
Is 57 a multiple of 2?
False
Is 7159890 a multiple of 170?
True
Is 38 a factor of 195552?
False
Is 28 a factor of 105207?
False
Is 497 a factor of 10783906?
True
Is 79 a factor of 288982?
True
Does 76 divide 244116?
False
Is 13653 a multiple of 18?
False
Does 35 divide 68950?
True
Is 7521098 a multiple of 11?
False
Does 12 divide 21564780?
True
Is 77 a factor of 2803504?
False
Is 431 a factor of 824503?
True
Is 1952390 a multiple of 110?
True
Does 13 divide 80067?
True
Does 293 divide 709353?
True
Is 17 a factor of 923573?
False
Is 3480 a multiple of 6?
True
Is 26 a factor of 161330?
True
Is 12 a factor of 40752?
True
Does 168 divide 133224?
True
Does 12 divide 303866?
False
Is 18 a factor of 5718344?
False
Is 63 a factor of 649037?
False
Is 42796 a multiple of 26?
True
Is 2554930 a multiple of 190?
True
Does 1466 divide 19782430?
False
Is 604 a factor of 1252696?
True
Is 42175 a multiple of 206?
False
Does 5 divide 220545?
True
Is 315116 a multiple of 195?
False
Does 369 divide 741690?
True
Does 12 divide 5601396?
True
Does 18 divide 40384?
False
Does 157 divide 2368040?
False
Is 35 a factor of 1768095?
True
Is 1970411 a multiple of 34?
False
Is 43735 a multiple of 182?
False
Does 150 divide 10474200?
True
Does 23 divide 105803?
False
Does 16 divide 235872?
True
Is 1149 a factor of 22980?
True
Does 27 divide 7201126?
False
Does 442 divide 932345?
False
Is 764336 a multiple of 46?
True
Does 119 divide 359499?
True
Is 1422 a multiple of 18?
True
Does 6 divide 1542?
True
Does 100 divide 9152600?
True
Does 8 divide 7083888?
True
Is 38869 a multiple of 2?
False
Is 17 a factor of 894064?
True
Is 1894337 a multiple of 8?
False
Does 43 divide 300613?
True
Is 664 a factor of 2808720?
True
Does 207 divide 1943937?
True
Does 131 divide 308767?
True
Is 17190 a multiple of 6?
True
Is 209662 a multiple of 90?
False
Is 19617 a multiple of 12?
False
Does 261 divide 707211?
False
Does 47 divide 948839?
False
Is 56089 a multiple of 381?
False
Is 4571538 a multiple of 17?
True
Does 138 divide 30514?
False
Is 4256982 a multiple of 31?
True
Is 3 a factor of 80720?
False
Is 30 a factor of 83195?
False
Is 194832 a multiple of 328?
True
Is 8864 a multiple of 2?
True
Does 27 divide 757107?
True
Does 18 divide 14873166?
True
Does 53 divide 4725056?
True
Does 3 divide 12770?
False
Does 11 divide 4971769?
True
Is 299 a factor of 10888982?
True
Does 309 divide 1004868?
True
Does 47 divide 105938?
True
Does 214 divide 112778?
True
Is 194 a factor of 120474?
True
Is 29180 a multiple of 17?
False
Is 53 a factor of 1864911?
True
Is 4085041 a multiple of 204?
False
Is 5549635 a multiple of 5?
True
Is 592 a factor of 4785130?
False
Does 7 divide 43196?
False
Does 4 divide 73309?
False
Is 165 a factor of 3812957?
False
Is 223 a factor of 3637200?
False
Does 251 divide 112448?
True
Is 66 a factor of 89290?
False
Is 6 a factor of 377298?
True
Is 3 a factor of 1046211?
True
Is 114 a factor of 5397102?
True
Is 117798 a multiple of 5?
False
Is 14 a factor of 46847?
False
Does 102 divide 98940?
True
Is 4 a factor of 10324?
True
Is 176530 a multiple of 332?
False
Does 1166 divide 3144702?
True
Is 1937769 a multiple of 97?
True
Does 16 divide 175441?
False
Does 8 divide 36792?
True
Is 6 a factor of 845165?
False
Is 12 a factor of 5570066?
False
Is 494 a factor of 3334178?
False
Is 4939185 a multiple of 30?
False
Does 7 divide 115024?
True
Is 237 a factor of 2159930?
False
Is 3 a factor of 6224086?
False
Does 8 divide 2011664?
True
Is 63091 a multiple of 118?
False
Is 16013568 a multiple of 96?
True
Is 33 a factor of 777522?
False
Is 2004 a factor of 9136236?
True
Is 168230 a multiple of 4?
False
Does 14 divide 353660?
False
Does 3 divide 157955?
False
Is 9325472 a multiple of 32?
True
Does 88 divide 4451066?
False
Does 3 divide 43179?
True
Is 358148 a multiple of 1051?
False
Does 6 divide 961230?
True
Is 29 a factor of 2018664?
False
Does 263 divide 755731?
False
Is 6363494 a multiple of 13?
False
Is 7 a factor of 351652?
True
Is 148 a factor of 2453396?
True
Is 8533814 a multiple of 26?
False
Is 101250 a multiple of 91?
False
Is 618024 a multiple of 88?
True
Does 180 divide 116676?
False
Is 1110642 a multiple of 87?
True
Is 1315051 a multiple of 5?
False
Does 3 divide 5721?
True
Is 19 a factor of 899891?
False
Is 93 a factor of 38771012?
False
Is 20 a factor of 14529460?
True
Is 1341509 a multiple of 175?
False
Is 623328 a multiple of 1032?
True
Is 363572 a multiple of 7?
False
Is 748001 a multiple of 233?
False
Is 3606653 a multiple of 10?
False
Is 6806124 a multiple of 10?
False
Is 956 a factor of 10472980?
True
Does 30 divide 12702299?
False
Does 4 divide 1953950?
False
Does 10 divide 17545?
False
Does 124 divide 14522784?
False
Is 3719215 a multiple of 8?
False
Does 45 divide 9518565?
False
Is 610180 a multiple of 20?
True
Is 9 a factor of 3046116?
False
Is 356 a factor of 283378?
False
Does 3 divide 13746?
True
Is 1660365 a multiple of 21?
True
Does 8 divide 44351?
False
Is 699328 a multiple of 372?
False
Does 40 divide 12656307?
False
Does 19 divide 169100?
True
Is 51240 a multiple of 10?
True
Is 15 a factor of 43053?
False
Is 3417294 a multiple of 46?
True
Does 29 divide 68697?
False
Is 16 a factor of 4910337?
False
Does 18 divide 9612720?
True
Does 47 divide 711674?
True
Does 518 divide 643851?
False
Is 12428676 a multiple of 117?
True
Is 666050 a multiple of 100?
False
Is 774 a factor of 3921858?
True
Is 205 a factor of 211159?
False
Is 693543 a multiple of 453?
True
Is 7 a factor of 8065?
False
Is 2262608 a multiple of 2?
True
Is 3 a factor of 2795766?
True
Is 6 a factor of 43242?
True
Does 18 divide 74693?
False
Is 16073 a multiple of 3?
False
Is 11106599 a multiple of 1148?
False
Does 23 divide 1171942?
True
Does 10 divide 150852?
False